5, what is 2 - 28?
-26
In base 16, what is -3 + 47?
44
In base 5, what is 343 + -33?
310
In base 9, what is 4 + 24?
28
In base 2, what is 110010111 - 101?
110010010
In base 10, what is 2814 - 0?
2814
In base 12, what is -363 + 6?
-359
In base 10, what is 5 - -49?
54
In base 10, what is 14 - 82?
-68
In base 3, what is 1012122 + 10?
1012202
In base 9, what is -4 + 472?
467
In base 3, what is 1021 + -21211?
-20120
In base 4, what is 10331 - -12?
11003
In base 10, what is 388 - -2?
390
In base 11, what is -2251 + 5?
-2247
In base 6, what is 3433 + -2?
3431
In base 3, what is -2 - 11121?
-11200
In base 11, what is -3 + -63?
-66
In base 6, what is 224 + -1?
223
In base 12, what is 9 + 151?
15a
In base 10, what is -5 + -5297?
-5302
In base 12, what is -1604 + -5?
-1609
In base 2, what is 111 - -1011?
10010
In base 12, what is 613b - 3?
6138
In base 8, what is 37 + 37?
76
In base 8, what is 5 - 2?
3
In base 15, what is -14 + 7b?
67
In base 15, what is -39 - -7?
-32
In base 2, what is 11 - -1111?
10010
In base 14, what is -1a - -6?
-14
In base 16, what is 0 + -3f?
-3f
In base 13, what is 120 - a?
113
In base 11, what is -13006 - 5?
-13010
In base 6, what is -32 - 250?
-322
In base 7, what is -1 - -2412?
2411
In base 8, what is -303 + 11?
-272
In base 10, what is 5 + 1074?
1079
In base 7, what is -1504 + -12?
-1516
In base 15, what is -199 - -3?
-196
In base 9, what is 6 + 1?
7
In base 2, what is 101101 + -100?
101001
In base 11, what is 3 - 699?
-696
In base 14, what is 2 - d7d?
-d7b
In base 6, what is 2 - -113?
115
In base 8, what is 1 + -170?
-167
In base 13, what is 48 - 3?
45
In base 6, what is 3221 + 5?
3230
In base 5, what is 1023 + 0?
1023
In base 4, what is -10 + -2200?
-2210
In base 10, what is -63 - 8?
-71
In base 7, what is -52 + -1?
-53
In base 11, what is 4 + 5403?
5407
In base 6, what is -2 - -2034?
2032
In base 2, what is -100 + -1110011?
-1110111
In base 14, what is 37 - 2d?
8
In base 15, what is -1b7e - 0?
-1b7e
In base 5, what is -1222 + 2?
-1220
In base 3, what is -11112000 - -11?
-11111212
In base 6, what is 1553 + 32?
2025
In base 7, what is 143 - -3?
146
In base 13, what is -4 - 54?
-58
In base 8, what is -51 - -2?
-47
In base 4, what is -1211 - -3?
-1202
In base 8, what is -3 + 112?
107
In base 3, what is -1 - 12112?
-12120
In base 16, what is 5 + 223?
228
In base 5, what is 2011 + 10?
2021
In base 4, what is -30 - 100003?
-100033
In base 7, what is 16 + 41?
60
In base 9, what is 3672 + 3?
3675
In base 16, what is 13f7 + 0?
13f7
In base 16, what is -1480 + 5?
-147b
In base 16, what is -5 - a9?
-ae
In base 9, what is -4 - -46?
42
In base 5, what is 3002 - -3?
3010
In base 15, what is 5a - -5?
60
In base 10, what is -459 - 10?
-469
In base 5, what is 12 - 124?
-112
In base 8, what is 5 - 5?
0
In base 15, what is 21 - -28?
49
In base 16, what is 1 - 5?
-4
In base 3, what is 10010102 - 0?
10010102
In base 13, what is 411 - -28?
439
In base 6, what is 50 + 1325?
1415
In base 2, what is 1110 - -10100100111?
10100110101
In base 15, what is -93 - -1?
-92
In base 9, what is 1 - 740?
-738
In base 12, what is -1014 + 9?
-1007
In base 9, what is -112 + 15?
-86
In base 12, what is -491 - -3?
-48a
In base 4, what is 30222 - -13?
30301
In base 15, what is 2 + -aa?
-a8
In base 12, what is -52 + 7b?
29
In base 10, what is 5 - -1?
6
In base 9, what is -5 + -241?
-246
In base 9, what is 4 + 14638?
14643
In base 7, what is -4 + -10?
-14
In base 7, what is -2 + -22?
-24
In base 14, what is -67 + 6c?
5
In base 8, what is -3 - -4?
1
In base 3, what is 11 - -12020?
12101
In base 4, what is -12033 - -3?
-12030
In base 14, what is 363 + 1?
364
In base 14, what is 15c7 + 3?
15ca
In base 2, what is -10001101 - -101?
-10001000
In base 12, what is -50 - 4?
-54
In base 3, what is 11 + -11120?
-11102
In base 11, what is -3 + -14a3?
-14a6
In base 16, what is 2 + -985?
-983
In base 9, what is 15 - 0?
15
In base 2, what is -1001001 - 111111?
-10001000
In base 5, what is -3 - -10012?
10004
In base 6, what is 2 - 315?
-313
In base 7, what is 2 - 15452?
-15450
In base 16, what is -b2 - 9?
-bb
In base 4, what is 1210131 + 0?
1210131
In base 9, what is 0 - 6?
-6
In base 7, what is 54 + 0?
54
In base 5, what is -2114 - -2?
-2112
In base 2, what is -1001011 - -1001?
-1000010
In base 10, what is 6 - 276?
-270
In base 13, what is 2bc2 - 1?
2bc1
In base 7, what is 136 - -2?
141
In base 12, what is -2 - a96?
-a98
In base 14, what is -136 - 7?
-13d
In base 14, what is -6 + 1da3?
1d9b
In base 6, what is -21102 - -2?
-21100
In base 10, what is 21 + 131?
152
In base 14, what is -1 + b5?
b4
In base 3, what is -100 - 22000?
-22100
In base 10, what is -31 - 2?
-33
In base 12, what is 21 - 120?
-bb
In base 7, what is -31 - -1051?
1020
In base 4, what is 1222 - 3?
1213
In base 12, what is -5 + -551?
-556
In base 7, what is 12 + -206?
-164
In base 8, what is 6 - 25?
-17
In base 11, what is -6 - -2862?
2857
In base 15, what is 2e47 - 0?
2e47
In base 9, what is -4 - -1154?
1150
In base 7, what is -2 - -65?
63
In base 2, what is 101000 + 1001100?
1110100
In base 10, what is -1391 + -5?
-1396
In base 13, what is -185 - -10?
-175
In base 8, what is 0 - 10572?
-10572
In base 4, what is 2 + 2310?
2312
In base 5, what is -4414 - -2?
-4412
In base 2, what is -10 - -1001111000101?
1001111000011
In base 16, what is -41 + 4?
-3d
In base 6, what is 0 - -22?
22
In base 3, what is -12 - -102012?
102000
In base 14, what is -4da - -8?
-4d2
In base 16, what is 1d7 - -5?
1dc
In base 2, what is 1100111 - 101?
1100010
In base 7, what is 565 - 2?
563
In base 5, what is -4 + 3033?
3024
In base 14, what is 0 - -18?
18
In base 10, what is -2 + 104?
102
In base 11, what is -15 + -94?
-a9
In base 10, what is -3 - -21?
18
In base 3, what is -21 - 10012212?
-10020010
In base 2, what is 1100 + -1000000100?
-111111000
In base 15, what is 64d + 7?
655
In base 13, what is 2687 - 0?
2687
In base 12, what is 5a - 9?
51
In base 14, what is dd + -2?
db
In base 14, what is -57 - 36?
-8d
In base 3, what is -12 + -11102?
-11121
In base 2, what is 1 + 100101?
100110
In base 10, what is -3 - -87?
84
In base 10, what is -31 - -1?
-30
In base 13, what is 49 - 2?
47
In base 12, what is 1181 + -3?
117a
In base 15, what is -64a + -1?
-64b
In base 7, what is -1261 + -5?
-1266
In base 4, what is -10 - -10013?
10003
In base 8, what is 10 + -1155?
-1145
In base 11, what is -3 + 2a?
27
In base 8, what is -1015 - 3?
-1020
In base 13, what is 199 - 3?
196
In base 4, what is -101 + 10100?
3333
In base 5, what is 0 - 100331?
-100331
In base 4, what is -10 - -3231?
3221
In base 8, what is 61 - -1?
62
In base 6, what is 22 - -453?
515
In base 2, what is 10010001 + -10011?
1111110
In base 5, what is 43 + -24?
14
In base 4, what is 232300 + -2?
232232
In base 10, what is 20 - -1?
21
In base 11, what is 122 + 12?
134
In base 7, what is -20 + 10?
-10
In base 6, what is 3 - 40425?
-40422
In base 6, what is -4112 - -5?
-4103
In base 10, what is 1003 - -3?
1006
In base 11, what is 1 + 39?
3a
In base 14, what is -6d + -72?
-101
In base 10, what is 20 - 25?
-5
In base 8, what is 30463 - 5?
30456
In base 10, what is -11 - 36?
-47
In base 11, what is 0 - -261?
261
In base 13, what is 24 - -9?
30
In base 5, what is -124 + -203?
-332
In base 7, what is 32 + -13?
16
In base 16, what is -2 - -63?
61
In base 9, what is 3155 + 0?
3155
In base 7, what is -12 + 2613?
2601
In base 10, what is -72 - -165?
93
In base 14, what is 0 + 227?
227
In base 7, what is 641 + -1?
640
In base 9, what is 1 + -406?
-405
In base 9, what is 4 + -5856?
-5852
In base 3, what is -11012202 + 1?
-11012201
In base 4, what is 33 + 13?
112
In base 7, what is 0 + -26?
-26
In base 9, what is 103 - -11?
114
In base 5, what is 2 + 3323?
3330
In base 15, what is 46 - 4?
42
In base 3, what is 102200 + -2?
102121
In base 8, what is 66 - 3?
63
In base 15, what is 5 + 13?
18
In base 12, what is -1 + -68?
-69
In base 15, what is c71 + -8?
c68
In base 5, what is 4 - -23042?
23101
In base 13, what is 2 + 861?
863
In base 5, what is -1043 - -104?
-434
In base 5, what is 0 + 2131?
2131
In base 16, what is -318f + -4?
-3193
In base 11, what is 41 - 9?
33
In base 11, what is 0 + -1597?
-1597
In base 6, what is -4 - -24?
20
In base 14, what is 2c - -24?
52
In base 10, what is 5 + 230?
235
In base 